der when n is divided by v(1).
3
Suppose -2*z - 2*z = -244. Let s(w) = 14*w**2 + 14*w + 13. Let i be s(-1). What is the remainder when z is divided by (-2)/i - 6372/(-351)?
7
Let c = 14744 + -12107. Calculate the remainder when c is divided by 15.
12
Suppose 71*z + 2712 = 13007. What is the remainder when z is divided by 57?
31
Suppose -701 = -58*g - 179. Let o be 0*((-1)/(-2) + -1). Let f = o + g. What is the remainder when f is divided by 6?
3
Let j = -157 - -280. Let b = -10557 + 10599. What is the remainder when j is divided by b?
39
Let k(b) = 6*b**3 - 13*b**2 + 11*b + 15. What is the remainder when k(6) is divided by 909?
0
Let p(t) = -t + 8. Let k be p(0). Let v be (18/(-10))/(21/(-35)). Suppose -v*r + k = -r. Calculate the remainder when 15 is divided by r.
3
Let f(c) = c**3 - 28*c**2 - 52*c + 75. Suppose -w + 120 = 90. What is the remainder when f(w) is divided by 102?
9
Suppose i = 14*i + 2*i - 90. Calculate the remainder when 12/(-3) + (-17)/(-1) is divided by i.
1
Let f(n) = n**3 - 14*n**2 - 24*n + 35. What is the remainder when f(17) is divided by 72?
62
Suppose -4*s - 3*u = -45, -s + 4*u + 21 = 8*u. Suppose 151 + 299 = s*o. Calculate the remainder when o is divided by 6.
2
Let j(n) = -n**3 + 11*n**2 + 42*n + 107. What is the remainder when j(14) is divided by (-1 + 2 + -20)*-1?
12
Suppose 2*a - 5*r = -202, 5*r + 9 = -1. Let m = a + 131. Suppose -4*p = 2*u - 317 + 71, 330 = 5*p - 2*u. Calculate the remainder when p is divided by m.
14
Let k = 57 + -17. Suppose k*o = 37*o + 117. Calculate the remainder when 110 is divided by o.
32
Let x(d) be the first derivative of d**3/3 + 3*d**2/2 + 52*d - 209. What is the remainder when 115 is divided by x(0)?
11
Suppose 324 = 4*w - 4*x, 3*x = 7 - 10. Calculate the remainder when w is divided by -2 + -1 - (-20 + -2).
4
Suppose 4*d - 4*c = 180, -4*d = -124*c + 127*c - 152. What is the remainder when d is divided by (1/(-2))/(1/(-30))?
11
Let l = -45 - -65. What is the remainder when 91/(-637) + 218/7 is divided by l?
11
Suppose 0*n + 4*n - 318 = o, 3*n - 316 = o. Let u = o + 368. Calculate the remainder when 164 is divided by u.
48
Let m = -31 - -655. Calculate the remainder when 143 is divided by (m/(-91))/((-2)/7).
23
Suppose 10*t - 1887 = 3163. Calculate the remainder when 5*3*t/75 is divided by 13.
10
Let d be (-2)/(-3) + (-6)/9. Suppose d = -2*o + 68 - 22. Let g = -96 - -161. Calculate the remainder when g is divided by o.
19
Let t(s) = 20*s + 13. Let y(i) = -40*i - 26. Let b(m) = 10*t(m) + 6*y(m). Calculate the remainder when b(-2) is divided by 36.
18
Let t be 1/((-120)/115 + 1). Let w = -7 + t. Let h = -12 - w. Calculate the remainder when 106 is divided by h.
16
Suppose -13*o = -128 - 41. Calculate the remainder when (10/55*11)/((-4)/(-170)) is divided by o.
7
Let g(h) = -h**3 + 15*h**2 - 3*h - 12. Let q be g(-4). Let s = q - 229. What is the remainder when s is divided by 18?
3
Suppose -5*l + i = -1862, -3*l = -10*i + 11*i - 1122. What is the remainder when 1492 is divided by l?
0
Suppose -3*f = -7*u + 358, 1669*f - 36 = 1665*f. Calculate the remainder when u is divided by (2/(-4))/((-2)/24).
1
Suppose 0*i - 2*i = -202. Suppose 0 = 2*d + 23*r - 26*r - 572, 4*r + 564 = 2*d. Calculate the remainder when d is divided by i.
96
Let a = 8595 - 8322. Calculate the remainder when 1078 is divided by a.
259
Suppose 0 = 5*g + 3*c - 0*c - 666, 525 = 4*g + 5*c. Suppose 139*n = g*n + 108. Calculate the remainder when 70 is divided by n.
16
Let v = 7037 - 6975. What is the remainder when v is divided by 50?
12
Suppose 11*n = 13*n + 1640 - 7794. What is the remainder when n is divided by 19?
18
Let z(f) = 362*f + 105. What is the remainder when z(1) is divided by 67?
65
Suppose -14*p - 3 = -15*p. Let z(c) = 5*c**2 + 2*c. What is the remainder when z(p) is divided by 14?
9
Let g = 164 + -111. Suppose -594*s = -390*s + 414*s - 117420. Calculate the remainder when s is divided by g.
31
Suppose -282 - 627 = -9*d. Suppose -d = -3*y + 7. What is the remainder when y is divided by 21 + -15 + 0 + 4?
6
Suppose 3*y - 464 = -4*m + 3*m, 474 = 3*y + 3*m. Let v be (-102)/(-12) - (-2)/(-4). Suppose 3*s - 86 + v = 0. What is the remainder when y is divided by s?
23
Suppose g + 3*o - 1190 = 0, -287*g = -288*g + o + 1158. Calculate the remainder when g is divided by 109.
76
Let u be ((-1)/2)/((-8)/64). Suppose 0*h = u*h - 4. Let c(w) = 22*w**3 - w**2 - w + 2. What is the remainder when c(h) is divided by 5?
2
Let f = 574 + -564. Let q(r) = r**3 - 9*r**2 - 5*r + 4. What is the remainder when 256 is divided by q(f)?
40
Suppose 4*q + 130 = 4*o - 170, q = 4*o - 315. Calculate the remainder when 1595 is divided by o.
75
Let w = 350 + -529. Let n = -163 - w. Calculate the remainder when 58 is divided by n.
10
Calculate the remainder when 2271 is divided by 6/((-6213)/893 + 13 + -5 + -1).
15
Let n = 181 - 181. Suppose 0 = -g + i + 70, g - 3*i - 9 - 59 = n. Calculate the remainder when 132 is divided by g.
61
Let m(t) = t**2 + 19*t + 85. Let o be 8 + -3 + 0/1. Let k(d) = 4*d + 5. What is the remainder when k(o) is divided by m(-6)?
4
Let c(h) = 3*h**2 + 44*h - 15. Let s be c(-15). Suppose 3*b + 0 + 3 = s, 2 = -j - 4*b. Suppose -4*f = -j*f - 116. What is the remainder when f is divided by 10?
8
Let d = -29 - -53. Let s(y) be the first derivative of -10*y**3/3 + 34*y**2 - y + 349. Calculate the remainder when s(6) is divided by d.
23
Suppose 1222 = 2*h - 2*l, -4*h = -8*h - l + 2449. What is the remainder when h is divided by 103?
97
Let s(k) = 20 + 24 + 2*k - 10 - 13 + 32. Let z = -9 - -20. What is the remainder when s(0) is divided by z?
9
Let p(j) = -8*j - 3. Let g be (1 - 2/8) + (-38)/8. Let h = g - -2. What is the remainder when p(h) is divided by 4?
1
Suppose -221*r = -220*r. Suppose 3*y - 130 - 133 = -2*d, -4*d - 5*y + 523 = r. What is the remainder when d is divided by 33?
28
Let u be (1/(-1))/((-1)/8). Let i = 1697 + -1694. Suppose 245 = u*w - i. What is the remainder when 120 is divided by w?
27
Calculate the remainder when 1/(-3)*((-12276)/22 + 0) is divided by 17.
16
Let k = 4920 - 4870. What is the remainder when k is divided by 14?
8
Let a = 629 + -59. Let j(g) = g**3 + 20*g**2 + 18*g + 7. Calculate the remainder when a is divided by j(-19).
24
Let w(t) = -t**2 - 2*t + 1. Let r be w(2). Let m = r + 13. What is the remainder when 1221/42 - ((-6)/(-84) + 0) is divided by m?
5
Suppose -1974*j + 124 = -2081*j + 4190. What is the remainder when j is divided by 12/(-10)*(3 - 8)?
2
Let f(o) = -2*o**2 + 2*o - 4*o - 23*o + 21 - 12*o. Let d be f(-19). Calculate the remainder when -2*d*(-3)/(-12)*-3 is divided by 2.
1
Let l(s) = 72*s - 3674. Calculate the remainder when l(53) is divided by 58.
26
Let z(m) = 10*m**2 + 3*m. Suppose 0 = 58*w - 64*w - 528. Let d = -81 - w. Calculate the remainder when z(-2) is divided by d.
6
Let t(p) = -6252*p - 884. Calculate the remainder when t(-1) is divided by 158.
154
What is the remainder when (25*36/132 - 2/(-11)) + 470 is divided by 223?
31
Suppose -2*z = 3*g - 3, z + 0 - 2 = -2*g. Suppose -79*u + 74*u + 260 = z. Let o = u + -31. What is the remainder when 78 is divided by o?
15
Let a(j) = j + 49. Let u be a(26). Let b = u - 5. Calculate the remainder when b is divided by 38.
32
Suppose 44*g - 116305 = 9*g. What is the remainder when g is divided by 25?
23
Let f(k) = -5*k + 31. Let w = -20 + 36. Calculate the remainder when f(-22) is divided by w.
13
Let b be (-424)/(-742)*21/2. What is the remainder when 1018 is divided by ((-34)/4*b)/(15/(-20))?
66
Suppose -7104*z = -7024*z - 13040. Calculate the remainder when z is divided by 2*3/4*14.
16
Suppose -5*f - 1059 = 2241. Let k = 673 + f. Calculate the remainder when 700 is divided by k.
11
Let h = 125 + -82. Suppose h = f + 24. What is the remainder when f is divided by 2?
1
Let c be (-5)/((-3)/(-6) + -3). Suppose 4*b = -c*b. Suppose 6*v + 5*r = v + 745, b = -4*v - r + 593. Calculate the remainder when v is divided by 30.
28
Let p(b) = 11*b**2 + 53*b + 98. What is the remainder when 165 is divided by p(-2)?
21
Let l = 38 - 22. Let i be (-4 + 60/l)*-12. Suppose 3*q + i*r - 151 - 50 = 0, 3*q = 5*r + 225. Calculate the remainder when q is divided by 24.
22
Suppose 0 = 8*h - 3 - 5. Let k be (2 + -6)*h/1. Calculate the remainder when 57 is